or of 28 and 413.
7
Calculate the greatest common divisor of 2514 and 24.
6
What is the highest common divisor of 3240 and 30?
30
What is the highest common divisor of 912 and 57?
57
What is the greatest common factor of 6 and 9?
3
What is the highest common divisor of 39 and 819?
39
Calculate the greatest common divisor of 6 and 375.
3
What is the highest common divisor of 33 and 879?
3
What is the greatest common factor of 235 and 2867?
47
Calculate the highest common factor of 4 and 6256.
4
Calculate the greatest common factor of 7 and 49.
7
Calculate the highest common factor of 534 and 6319.
89
Calculate the greatest common divisor of 54 and 2.
2
What is the highest common divisor of 858 and 3?
3
Calculate the highest common divisor of 875 and 49.
7
What is the highest common divisor of 22 and 121?
11
What is the highest common divisor of 11 and 4092?
11
Calculate the highest common factor of 1424 and 32.
16
Calculate the greatest common divisor of 130 and 50.
10
What is the highest common divisor of 11 and 57?
1
What is the greatest common divisor of 64 and 864?
32
What is the highest common factor of 2 and 82?
2
Calculate the greatest common factor of 8 and 36.
4
Calculate the greatest common divisor of 285 and 45.
15
Calculate the highest common factor of 130 and 39.
13
What is the highest common factor of 124 and 403?
31
Calculate the highest common factor of 12250 and 3150.
350
Calculate the highest common divisor of 6875 and 110.
55
What is the highest common factor of 52890 and 129?
129
What is the highest common factor of 72 and 16?
8
Calculate the highest common factor of 606 and 12.
6
Calculate the greatest common factor of 3900 and 676.
52
Calculate the highest common divisor of 66 and 165.
33
Calculate the highest common factor of 7 and 42.
7
Calculate the highest common factor of 17513 and 83.
83
What is the greatest common divisor of 39 and 33?
3
What is the highest common divisor of 3773 and 385?
77
What is the greatest common divisor of 105 and 135?
15
Calculate the greatest common divisor of 26 and 117.
13
Calculate the highest common factor of 17 and 425.
17
Calculate the highest common divisor of 34846 and 262.
262
What is the greatest common divisor of 18 and 6042?
6
What is the highest common divisor of 2070 and 270?
90
What is the greatest common divisor of 186 and 6?
6
Calculate the greatest common divisor of 849 and 35941.
283
Calculate the greatest common factor of 168 and 40.
8
What is the highest common divisor of 54 and 24?
6
What is the highest common divisor of 469 and 21?
7
What is the highest common divisor of 17 and 2227?
17
What is the greatest common divisor of 70 and 56?
14
Calculate the highest common divisor of 198 and 2079.
99
What is the highest common factor of 423 and 47?
47
Calculate the highest common divisor of 703 and 57.
19
What is the highest common factor of 14 and 14?
14
What is the greatest common divisor of 213 and 59427?
213
What is the greatest common divisor of 198 and 27?
9
Calculate the highest common divisor of 722 and 20577.
361
Calculate the highest common factor of 432 and 2256.
48
Calculate the highest common divisor of 112 and 272.
16
Calculate the greatest common divisor of 22 and 176.
22
What is the greatest common divisor of 140 and 460?
20
Calculate the greatest common factor of 11460 and 60.
60
What is the highest common factor of 18 and 96?
6
What is the greatest common divisor of 8823 and 663?
51
Calculate the highest common factor of 209 and 110.
11
Calculate the greatest common divisor of 22 and 1298.
22
What is the highest common divisor of 2052 and 108?
108
Calculate the greatest common factor of 30 and 4905.
15
Calculate the highest common factor of 1136 and 80.
16
What is the highest common divisor of 3026 and 306?
34
Calculate the highest common factor of 370 and 70.
10
Calculate the greatest common divisor of 44 and 44.
44
What is the highest common divisor of 1406 and 152?
38
Calculate the greatest common factor of 346 and 18.
2
Calculate the highest common factor of 200 and 920.
40
Calculate the greatest common factor of 39 and 127.
1
What is the highest common factor of 1659 and 336?
21
What is the highest common divisor of 629 and 17?
17
What is the highest common factor of 2261 and 266?
133
What is the greatest common divisor of 289 and 51?
17
What is the highest common factor of 240 and 228?
12
What is the highest common factor of 760 and 14136?
152
Calculate the greatest common divisor of 74 and 3478.
74
Calculate the highest common factor of 75 and 825.
75
Calculate the greatest common factor of 15181 and 323.
323
What is the highest common factor of 81 and 6?
3
Calculate the greatest common factor of 25 and 475.
25
Calculate the highest common divisor of 4 and 634.
2
Calculate the highest common divisor of 140 and 1120.
140
What is the highest common factor of 47 and 1269?
47
Calculate the highest common factor of 45 and 11511.
9
Calculate the highest common divisor of 184 and 69.
23
What is the highest common factor of 319 and 29?
29
What is the highest common divisor of 32 and 1112?
8
What is the highest common divisor of 1141 and 21?
7
Calculate the greatest common factor of 109 and 1308.
109
What is the highest common factor of 3567 and 435?
87
Calculate the highest common factor of 133 and 133.
133
Calculate the highest common factor of 452 and 7.
1
Calculate the greatest common factor of 5 and 18235.
5
What is the greatest common divisor of 37 and 74?
37
What is the greatest common factor of 304 and 32?
16
What is the highest common factor of 18 and 450?
18
What is the greatest common divisor of 116576 and 32?
32
What is the greatest common factor of 25 and 1775?
25
Calculate the greatest common factor of 175 and 19075.
175
What is the greatest common divisor of 330 and 264?
66
Calculate the highest common divisor of 805 and 35.
35
What is the highest common divisor of 110 and 3410?
110
What is the highest common divisor of 15584 and 64?
32
What is the greatest common divisor of 325 and 275?
25
Calculate the highest common factor of 38 and 7239.
19
What is the highest common factor of 22 and 22022?
22
Calculate the greatest common divisor of 517 and 44.
11
What is the greatest common factor of 39 and 15?
3
Calculate the highest common factor of 455 and 585.
65
What is the highest common factor of 49 and 8869?
49
What is the highest common factor of 590 and 7729?
59
Calculate the greatest common factor of 391 and 69.
23
What is the highest common factor of 56 and 17024?
56
What is the greatest common divisor of 2176 and 51?
17
Calculate the highest common factor of 67 and 3.
1
Calculate the greatest common factor of 129 and 16125.
129
Calculate the greatest common factor of 3888 and 240.
48
What is the greatest common divisor of 198 and 342?
18
What is the greatest common factor of 1365 and 168?
21
What is the highest common factor of 62 and 2511?
31
What is the greatest common divisor of 1336 and 8?
8
Calculate the greatest common factor of 572 and 104.
52
What is the greatest common factor of 100 and 10500?
100
Calculate the greatest common divisor of 9477 and 65.
13
Calculate the highest common divisor of 507 and 65.
13
What is the greatest common divisor of 51 and 2?
1
Calculate the highest common divisor of 1744 and 32.
16
Calculate the highest common factor of 384 and 12.
12
Calculate the greatest common divisor of 535 and 5.
5
What is the greatest common factor of 70 and 1120?
70
What is the greatest common divisor of 33 and 2112?
33
Calculate the greatest common factor of 2816 and 608.
32
What is the greatest common divisor of 3 and 3696?
3
What is the highest common divisor of 13 and 77298?
13
Calculate the greatest common divisor of 55675 and 25.
25
Calculate the greatest common factor of 696 and 48.
24
What is the highest common factor of 71 and 3053?
71
What is the greatest common factor of 690 and 2208?
138
Calculate the highest common divisor of 336 and 294.
42
Calculate the highest common divisor of 228 and 190.
38
What is the greatest common factor of 309 and 1?
1
What is the greatest common factor of 4356 and 297?
99
Calculate the highest common factor of 1044 and 36.
36
Calculate the highest common factor of 148 and 13579.
37